g) = 8*g - 11. Let s(i) = a*q(i) - 11*p(i). What is s(u)?
-1
Let m(x) be the second derivative of 59*x**3/6 + 9*x**2 + 86*x + 40. What is m(-1)?
-41
Let p(c) be the first derivative of -2*c**3/3 + 15*c**2 + 96. Give p(15).
0
Let q(m) = -2*m**2 + 24*m - 2. Suppose -73*n - 119 = -690 - 305. Give q(n).
-2
Suppose -3*s = -7*s + 28. Let j(d) = -9*d**2 + 51*d + 6. Let y(k) = -2*k**2 + 12*k + 2. Let c(m) = j(m) - 5*y(m). Calculate c(s).
-18
Let d(h) = 103*h**2 + 5*h - 43. Let a(r) = 137*r**2 + 5*r - 56. Let s(m) = 3*a(m) - 4*d(m). Suppose 2*w + 7 + 3 = 0. Determine s(w).
4
Let h(p) = -p**3 - p**2 + p + 1. Let a = -255 + 160. Let b = a + 94. Determine h(b).
0
Suppose 0 = -26*v - 1101 + 1231. Let g(d) = d**2 - d. Let q(u) = -7*u**2 + 10*u + 3. Let h(c) = 5*g(c) + q(c). What is h(v)?
-22
Let v(g) be the third derivative of 20*g**2 + 7/24*g**4 + 1/20*g**5 - 1/120*g**6 + 1/6*g**3 + 0*g + 0. Let y be -3*(-1)/(12/20). Determine v(y).
-14
Let w = -20 + 13. Let r(h) = -63*h + 42. Let n(a) = 4*a - 3. Let q(z) = -15*n(z) - r(z). Give q(w).
-18
Let p be (8/(-4))/((1 - -1)/(-10)). Let x(m) = -m**2 - 6*m + 3. Let g be x(-6). Let i(r) = -4*r**3 + 5*r**3 + 0*r**3 + 10*r**2 + 6 - 2*r**g. Calculate i(p).
6
Let x(g) = -g - 6. Suppose -4*r - 70 = -4*b + 150, -3*r = 3*b + 177. Let j = -18 - r. Let h = j - 39. What is x(h)?
-6
Let v(l) be the first derivative of l**2 + 8*l - 262. Let p be 29*1 + -10 + 9. Suppose 5*x + p = x. Give v(x).
-6
Let u(x) = -7*x - 1 + x + 3*x. Let t = -49 + 48. Let g be t - -2 - (-9 - -6). Determine u(g).
-13
Let v(z) = 6*z**2 - 10*z + 7. Suppose 4*d - f + 56 = 72, 5*d = -3*f + 37. Calculate v(d).
107
Let p(i) = i**3 - 7*i**2 - 5*i - 21. Let r be p(8). Let d(b) = -b**3 - 1 + 4 + 4*b**2 + 4*b + 2*b**r. Suppose 423*w = 428*w + 10. Determine d(w).
3
Suppose -115*q + 113*q + 38 = 0. Let l(h) = h**2 - 9*h**2 - h + 11 - 7*h**3 - 11*h**3 + q*h**3. Determine l(8).
3
Let r(j) = j**2 + j. Let f be r(-2). Let m(x) = -x + 8 + 4*x - f*x. Let i be m(-14). Let k(p) = 2*p - 2. Determine k(i).
-14
Suppose 8*h - 40 = 5*h - 7*h. Let o(q) = q**3 - 2*q**2 - 3*q + 10. Determine o(h).
30
Let i(p) be the first derivative of 5*p + 163 - 5/2*p**2. Give i(-10).
55
Let c(f) be the third derivative of -f**6/120 - 3*f**5/10 + 7*f**4/8 + 37*f**3/6 + 3*f**2 + 535. Give c(-19).
-1
Let y(d) = d**3 + 3*d**2 - 4*d - 1. Suppose 0 = -5*g - 5*p - 30, 0 = -3*g + 4*p + 3. Let n be (g - 10/(-20)) + 6/(-4). Calculate y(n).
-1
Let l(p) = -p - 4. Let o be l(-7). Suppose -o*r + 4*t + 111 = 0, 2*r + 0*r - 3*t = 73. Let v = r - 40. Let q(x) = 11*x**3 + 2*x**2 - 2*x + 1. Determine q(v).
12
Let o(m) = m**3 + 51*m**2 - 111*m**2 - 1 - 18*m + 2 + 53*m**2. Let c be o(9). Let v(y) = -7*y**2 + y. What is v(c)?
-6
Suppose -182*q + 184*q - 33 = 5*w, -5*w = 5*q + 5. Let d(b) be the third derivative of -2/3*b**3 - 15*b**2 - 1/24*b**q + 0 + 0*b. Give d(-6).
2
Let n(r) = -3*r**2 - 8*r - 12. Let p be (-113 - -9)/13 - (1 - 5). Calculate n(p).
-28
Let j(m) = 3 - 6*m + 1347*m**2 - 466*m**2 - 441*m**2 - 441*m**2. Determine j(-4).
11
Let z(l) be the third derivative of -l**6/12 + l**5/30 - l**4/24 - 128*l**2. Let n = 103 - 102. Determine z(n).
-9
Let d(i) = 2*i**2 - 7*i + 5. Let x = 54 - 52. Let f be (x/(-4))/(1/(6 - 4)). Let a = 6 + f. Calculate d(a).
20
Let h(l) = l**3 + l**2 - 10*l - 12. Let s(t) = t**2 + 4*t. Let k be s(-2). Determine h(k).
-20
Let g = -4 - -5. Let i(b) be the second derivative of b**3 - 11*b - 6. What is i(g)?
6
Let z = -255 + 250. Let v(l) = -l**2 - l + 12. Let w be v(z). Let f(h) = h**3 + 7*h**2 - 8*h + 7. Calculate f(w).
7
Let n(c) = -c**2 - 9*c + 2. Let a be (-14556)/140 - 8/280. Suppose -4*t - 3*d = -386, 9*t - 477 = 4*t - d. Let k = t + a. Calculate n(k).
2
Let o(h) = -h**3 - 10*h**2 + 9*h - 14. Suppose -3*s = -s + 4, 6*s = -y + 340. Suppose -y = 6*r + 26*r. Determine o(r).
8
Suppose 0 = 4*f - 3*p - 8, -4*f - 2*p = -0*f - 8. Suppose 0 = -2*m - f*m - 8. Let a(y) = 178*y**2 + 4*y - 300*y**2 + 121*y**2 + 3. Give a(m).
-9
Let s(v) = 8*v**2 - 4*v + 1. Let p(d) = 25*d**2 - 44*d + 259. Let a(k) = p(k) - 3*s(k). Determine a(15).
1
Let n(s) = -2*s**3 + 2*s**2 + 2*s. Let f(c) = 3*c**2 + 54*c - 31. Let a be f(-19). Suppose -a + 11 = -5*b. What is n(b)?
-30
Let y(g) be the second derivative of -g**4/12 + 3*g**3/2 - 13*g**2/2 + 1751*g. Give y(5).
7
Suppose -c - 3*u + 19 = 0, 3*c + 4*u - 84 = -2*c. Let j(v) = -v**2 + 14*v + 35. Let h be j(c). Let d(p) = -p**h - 10 - 2*p**2 + 7 - 2*p - 2*p**3. Give d(-2).
17
Let q(u) = u**2 - 8*u + 4. Let i be q(8). Let h(d) = d + d**3 - 9*d + d + i*d**2 - 4 + 0*d. Suppose 300*l + 90 = 282*l. Give h(l).
6
Let q(z) = -3*z**3 + 2*z**2 - z. Let y(s) = 19*s**3 - 19*s**2 + 5*s + 11. Let k(b) = 6*q(b) + y(b). Calculate k(7).
4
Suppose -19*v + 2016 = -13*v. Let u = v - 343. Let t(y) = y**3 + 9*y**2 + 17*y + 15. Determine t(u).
-6
Let a(p) = -24*p + 62*p - 1 - 39*p. Let j = -6 - -4. Determine a(j).
1
Let q(j) = 2803*j - 5609*j + 2800*j + 7 + 2*j**2. What is q(2)?
3
Let q(w) = w**2 - 2*w + 1. Let u be (2/(-4))/(22/1804). Let c = -42 - u. Let p be -3*((-6)/(-3) + c). Calculate q(p).
16
Let u(t) = -6*t - 31. Let d be u(-6). Suppose -4*a + 5*k + 8 = 0, -d*a = -k - 9 - 1. Let g(o) = 144*o - a*o**2 - 3 - 1 - 146*o + o**3 + 8*o**2. Determine g(-6).
8
Let c be (67*8 + 2)*(-20 - -19). Let k = -540 - c. Let w(i) = 3. Let o(h) = h - 1. Let u(b) = -o(b) - w(b). Calculate u(k).
0
Let n(z) = -8*z**2 - 27*z + 28. Let w(l) = -5*l**2 - 16*l + 13. Let s(v) = 3*n(v) - 5*w(v). Suppose 0 = -b - 0*b. Suppose -5*d = -b*d. Determine s(d).
19
Let k(n) be the first derivative of -n**6/120 + 11*n**5/60 - 11*n**4/24 + 3*n**3/2 + 62*n**2 + 9. Let z(c) be the second derivative of k(c). What is z(10)?
-1
Let w be -13 + (26 - 11) + (0 - -4). Let j(k) = 6*k**2 + 4 + 335*k**3 - 336*k**3 - 6. Give j(w).
-2
Let u(p) = 2*p**3 - 10*p**2 + 5*p - 5. Suppose -30*x + 123 + 92 = 65. Calculate u(x).
20
Let a(y) = -y**2 + 18*y + 6. Suppose 0 = -28*d + 372 + 272. Suppose -k - 5*o - 2 = -o, o = k - d. Determine a(k).
6
Suppose 18*m - 153 = 69*m. Let q(y) = 10*y - 4. Let v(r) = -9*r + 3. Let i(b) = 4*q(b) + 5*v(b). Calculate i(m).
14
Suppose 738*i - 745*i - 14 = 0. Let f(q) = -61*q + 4. What is f(i)?
126
Let f(s) = s - 2. Let k(m) = 2*m**2 - 3 + 3 + 3 + 6*m - 14*m. Suppose 0 = -4*h + 5*t - 3 + 16, -4*h - 2*t + 6 = 0. Let y be k(h). Calculate f(y).
-7
Let c = -939 + 939. Suppose 0*v + 16 = -3*b - v, b + 4*v + 20 = c. Let g(w) = -w**3 - 4*w**2 + w + 5. Determine g(b).
1
Let f(h) = 2*h**3 + h**2 - 20*h + 3. Let w = 21360 - 21364. Calculate f(w).
-29
Suppose 2*r + 12 = 5*l, 4*l - 3 = -5*r - 0. Suppose -v = 4, 3*k - 38 = -l*k + 2*v. Let i(w) = -3*w + 14. Determine i(k).
-4
Let l(m) = -19*m**3 - m**2 - m - 1. Let b(d) = -d**3 - 15*d**2 - 35*d + 12. Let p be b(-12). Suppose 4*v + 4 = 4*o, 5*o = -p*o - v - 7. Determine l(o).
18
Let n(l) = -7*l**2 - 5*l - 4. Let x(t) = -t**3 + 2*t - 3. Let h be x(1). Give n(h).
-22
Let t(i) = i**2 - 9*i - 5. Let l(b) = -2*b + 36. Suppose -4*a + 9*a - 3*q = 61, -3*q = -9. Let h be l(a). What is t(h)?
-13
Let h(i) = -21*i**2 - 103*i + 7. Suppose -3*y + z = 10, 230*y + 5*z = 232*y - 15. Give h(y).
-3
Suppose -128*q = 478*q - 606. Let c(f) = 13*f**2 + 3*f - 4. What is c(q)?
12
Suppose -65*f - 33*f = -196. Let y(x) = x**3 + x**2 + 4*x - 8. Determine y(f).
12
Let i(l) = -l**3 - 2*l**2 + 6*l - 1. Let c be i(-4). Suppose 0 = -2*z - k + 4, 0 = -4*z - 4*k + c + 1. Let o(w) = -4*w - 3 + w - w**2 + 1 - z*w. What is o(-6)?
-8
Suppose -7*t - 20 + 48 = 0. Suppose -2 - 2 = k - 5*s, -2*k - 2*s + t = 0. Let p(w) = 24*w - 1. Determine p(k).
23
Let k(g) = -2*g**2 + 6*g + 3. Suppose 2*r - 153 = -5*l - r, -l + 3*r + 45 = 0. Suppose c = 5*f - 25, -2*c + l = 5*f + 8. Give k(f).
-17
Let x(c) be the third derivative of 7*c**4/12 + 65*c**3/6 - c**2 - 957*c. Give x(-5).
-5
Let f(a) = -206*a**2 + 23*a + 6. Let o(y) = -41*y**2 + 2*y - 1. Let r(x) = -f(x) + 5*o(x). Give r(13).
-11
Let j(k) be the third derivative of -2*k**3 + 0*k - 3/8*k**4 + 1/60*k**5 - 98*k**2 + 0. Give j(10).
-2
Let l be ((-1)/(-3))/((-18)/(4 + -598)). Let q(y) = y**2 - 8*y - 34. What is q(l)?
-1
Let m(w) = 6*w**3 + 2*w + 1. Let v(p) = p**2 - 18*p + 46. Let u be v(3). Suppose -4*x + 5 = 5*z - u, -5*x - 11 = -3*z. Calculate m(x).
-7
Let c be 33/(-143) + 